{"id":27,"date":"2016-03-23T12:00:32","date_gmt":"2016-03-23T11:00:32","guid":{"rendered":"http:\/\/www.grathix.net\/grathix\/?page_id=27"},"modified":"2019-12-08T22:35:39","modified_gmt":"2019-12-08T21:35:39","slug":"optimierung","status":"publish","type":"page","link":"https:\/\/www.grathix.net\/grathix\/was-grathix-webdesign-bietet\/dienstleistungen\/optimierung\/","title":{"rendered":"Optimierung"},"content":{"rendered":"<h1><span style=\"color: #00ff00;\"><strong>Das richtige Design ist massgebend<\/strong><\/span><\/h1>\n<p>Design bedeutet meist Entwurf oder Formgebung. Es ist ein Lehnwort aus dem Englischen, das wiederum aus dem lateinischen <em>designare = (be)zeichnen<\/em> abgeleitet ist und in viele Sprachen Eingang gefunden hat.<\/p>\n<p>Design orientiert sich am Menschen und seinen vielf\u00e4ltigen Bed\u00fcrfnissen. Diese Bed\u00fcrfnisse reichen von k\u00f6rperlichen und psychischen Bed\u00fcrfnissen bis hin zu Anforderungen des menschlichen Verstands an die gegenst\u00e4ndliche Umwelt. Design folgt dabei nicht allein selbst gesetzten Regeln und Intentionen, sondern muss sich vor allem mit den Interessen jener Gruppen oder Personen auseinandersetzen, denen das Design dienlich sein soll. Dadurch ist Design und sind die Entw\u00fcrfe vor allem zweckorientiert. In der Designtheorie wurde daf\u00fcr der Begriff der Funktionalit\u00e4t gepr\u00e4gt. Nicht zuletzt durch seine Zweckorientierung unterscheidet sich Design von der Kunst.<\/p>\n<p style=\"text-align: center;\">Das Original&#8230;<\/p>\n<p><img loading=\"lazy\" decoding=\"async\" class=\"aligncenter wp-image-28 size-full\" src=\"http:\/\/www.grathix.net\/grathix\/wp-content\/uploads\/2016\/03\/2005_ktm_duke.jpg\" alt=\"2005_ktm_duke\" width=\"450\" height=\"290\" srcset=\"https:\/\/www.grathix.net\/grathix\/wp-content\/uploads\/2016\/03\/2005_ktm_duke.jpg 450w, https:\/\/www.grathix.net\/grathix\/wp-content\/uploads\/2016\/03\/2005_ktm_duke-350x226.jpg 350w, https:\/\/www.grathix.net\/grathix\/wp-content\/uploads\/2016\/03\/2005_ktm_duke-300x193.jpg 300w\" sizes=\"auto, (max-width: 450px) 100vw, 450px\" \/><\/p>\n<p style=\"text-align: center;\">&#8230; das von <strong>GRAHTIX<\/strong> bearbeitet Bild.<\/p>\n<p><img loading=\"lazy\" decoding=\"async\" class=\"aligncenter wp-image-29 size-full\" src=\"http:\/\/www.grathix.net\/grathix\/wp-content\/uploads\/2016\/03\/2005_ktm_duke3.jpg\" alt=\"2005_ktm_duke3\" width=\"450\" height=\"290\" srcset=\"https:\/\/www.grathix.net\/grathix\/wp-content\/uploads\/2016\/03\/2005_ktm_duke3.jpg 450w, https:\/\/www.grathix.net\/grathix\/wp-content\/uploads\/2016\/03\/2005_ktm_duke3-350x226.jpg 350w, https:\/\/www.grathix.net\/grathix\/wp-content\/uploads\/2016\/03\/2005_ktm_duke3-300x193.jpg 300w\" sizes=\"auto, (max-width: 450px) 100vw, 450px\" \/><\/p>\n","protected":false},"excerpt":{"rendered":"<p>Das richtige Design ist massgebend Design bedeutet meist Entwurf oder Formgebung. Es ist ein Lehnwort aus dem Englischen, das wiederum aus dem lateinischen designare = (be)zeichnen abgeleitet ist und in viele Sprachen Eingang gefunden hat. Design orientiert sich am Menschen und seinen vielf\u00e4ltigen Bed\u00fcrfnissen. Diese Bed\u00fcrfnisse reichen von k\u00f6rperlichen und psychischen Bed\u00fcrfnissen bis hin zu &hellip; <\/p>\n<p class=\"link-more\"><a href=\"https:\/\/www.grathix.net\/grathix\/was-grathix-webdesign-bietet\/dienstleistungen\/optimierung\/\" class=\"more-link\"><span class=\"screen-reader-text\">\u201eOptimierung\u201c <\/span>weiterlesen<\/a><\/p>\n","protected":false},"author":1,"featured_media":0,"parent":15,"menu_order":2,"comment_status":"closed","ping_status":"closed","template":"","meta":{"footnotes":""},"class_list":["post-27","page","type-page","status-publish","hentry"],"_links":{"self":[{"href":"https:\/\/www.grathix.net\/grathix\/wp-json\/wp\/v2\/pages\/27","targetHints":{"allow":["GET"]}}],"collection":[{"href":"https:\/\/www.grathix.net\/grathix\/wp-json\/wp\/v2\/pages"}],"about":[{"href":"https:\/\/www.grathix.net\/grathix\/wp-json\/wp\/v2\/types\/page"}],"author":[{"embeddable":true,"href":"https:\/\/www.grathix.net\/grathix\/wp-json\/wp\/v2\/users\/1"}],"replies":[{"embeddable":true,"href":"https:\/\/www.grathix.net\/grathix\/wp-json\/wp\/v2\/comments?post=27"}],"version-history":[{"count":6,"href":"https:\/\/www.grathix.net\/grathix\/wp-json\/wp\/v2\/pages\/27\/revisions"}],"predecessor-version":[{"id":887,"href":"https:\/\/www.grathix.net\/grathix\/wp-json\/wp\/v2\/pages\/27\/revisions\/887"}],"up":[{"embeddable":true,"href":"https:\/\/www.grathix.net\/grathix\/wp-json\/wp\/v2\/pages\/15"}],"wp:attachment":[{"href":"https:\/\/www.grathix.net\/grathix\/wp-json\/wp\/v2\/media?parent=27"}],"curies":[{"name":"wp","href":"https:\/\/api.w.org\/{rel}","templated":true}]}}